7 is divided by 83?
4
Calculate the remainder when 15936 is divided by 757.
39
Calculate the remainder when 240685 is divided by 17.
16
What is the remainder when 111690 is divided by 184?
2
What is the remainder when 35794 is divided by 48?
34
Calculate the remainder when 7768 is divided by 7422.
346
Calculate the remainder when 520 is divided by 47.
3
What is the remainder when 393260 is divided by 262?
260
What is the remainder when 30218 is divided by 1375?
1343
Calculate the remainder when 26392 is divided by 33.
25
Calculate the remainder when 1558 is divided by 492.
82
Calculate the remainder when 7639 is divided by 125.
14
Calculate the remainder when 59706 is divided by 59574.
132
Calculate the remainder when 385944 is divided by 156.
0
What is the remainder when 490625 is divided by 20?
5
What is the remainder when 1422 is divided by 573?
276
What is the remainder when 7425 is divided by 314?
203
What is the remainder when 9537 is divided by 166?
75
Calculate the remainder when 20999 is divided by 215.
144
Calculate the remainder when 199201 is divided by 148.
141
Calculate the remainder when 58999 is divided by 36.
31
What is the remainder when 1954 is divided by 98?
92
Calculate the remainder when 953 is divided by 843.
110
Calculate the remainder when 55000 is divided by 1416.
1192
Calculate the remainder when 1151198 is divided by 4.
2
What is the remainder when 15684 is divided by 2240?
4
What is the remainder when 105010 is divided by 91?
87
What is the remainder when 2580 is divided by 430?
0
Calculate the remainder when 194140 is divided by 16.
12
What is the remainder when 7046 is divided by 141?
137
What is the remainder when 1795 is divided by 503?
286
What is the remainder when 4819 is divided by 2395?
29
What is the remainder when 266447 is divided by 133223?
1
What is the remainder when 2014221 is divided by 14?
13
What is the remainder when 13018 is divided by 1001?
5
What is the remainder when 392 is divided by 384?
8
Calculate the remainder when 12281 is divided by 208.
9
Calculate the remainder when 13661 is divided by 3415.
1
Calculate the remainder when 353023 is divided by 75.
73
Calculate the remainder when 12321 is divided by 334.
297
What is the remainder when 24279 is divided by 8053?
120
What is the remainder when 1720 is divided by 173?
163
What is the remainder when 432104 is divided by 86419?
9
Calculate the remainder when 475 is divided by 308.
167
Calculate the remainder when 38085 is divided by 428.
421
What is the remainder when 1025 is divided by 395?
235
What is the remainder when 33144 is divided by 602?
34
Calculate the remainder when 2555 is divided by 1020.
515
Calculate the remainder when 2178 is divided by 2166.
12
What is the remainder when 5524 is divided by 163?
145
What is the remainder when 59431 is divided by 4569?
34
What is the remainder when 799043 is divided by 74?
65
Calculate the remainder when 129456 is divided by 483.
12
Calculate the remainder when 3836 is divided by 65.
1
What is the remainder when 42460 is divided by 597?
73
What is the remainder when 64078 is divided by 240?
238
Calculate the remainder when 1302157 is divided by 1112.
5
Calculate the remainder when 4365 is divided by 383.
152
What is the remainder when 30730 is divided by 172?
114
Calculate the remainder when 2145 is divided by 1132.
1013
What is the remainder when 16821 is divided by 25?
21
What is the remainder when 2353 is divided by 532?
225
Calculate the remainder when 103178 is divided by 882.
866
Calculate the remainder when 63788 is divided by 602.
578
What is the remainder when 166662 is divided by 167?
163
What is the remainder when 53055 is divided by 52978?
77
What is the remainder when 7834 is divided by 1491?
379
Calculate the remainder when 185742 is divided by 29.
26
What is the remainder when 7716 is divided by 93?
90
What is the remainder when 383125 is divided by 127704?
13
Calculate the remainder when 30396 is divided by 15197.
2
What is the remainder when 6526 is divided by 102?
100
What is the remainder when 3968 is divided by 640?
128
Calculate the remainder when 25568 is divided by 5096.
88
Calculate the remainder when 90233 is divided by 90189.
44
Calculate the remainder when 87911 is divided by 396.
395
Calculate the remainder when 2088 is divided by 125.
88
Calculate the remainder when 370461 is divided by 9.
3
What is the remainder when 56047 is divided by 364?
355
What is the remainder when 8506 is divided by 472?
10
Calculate the remainder when 9329 is divided by 4010.
1309
Calculate the remainder when 60416 is divided by 15102.
8
What is the remainder when 12105 is divided by 869?
808
What is the remainder when 81147 is divided by 20244?
171
Calculate the remainder when 540873 is divided by 47.
44
What is the remainder when 9420 is divided by 586?
44
Calculate the remainder when 315990 is divided by 401.
2
What is the remainder when 1231766 is divided by 37?
36
What is the remainder when 95933 is divided by 32?
29
What is the remainder when 571350 is divided by 9?
3
Calculate the remainder when 34436 is divided by 5736.
20
Calculate the remainder when 888 is divided by 459.
429
What is the remainder when 107281 is divided by 5108?
13
What is the remainder when 370311 is divided by 86?
81
What is the remainder when 3254361 is divided by 52?
45
What is the remainder when 7120 is divided by 3101?
918
What is the remainder when 9020 is divided by 582?
290
What is the remainder when 28917 is divided by 28?
21
What is the remainder when 4198 is divided by 164?
98
Calculate the remainder when 20523 is divided by 10239.
45
Calculate the remainder when 34334 is divided by 177.
173
What is the remainder when 1058 is divided by 156?
122
What is the remainder when 2069 is divided by 511?
25
What is the remainder when 2105 is divided by 191?
4
Calculate the remainder when 628 is divided by 628.
0
What is the remainder when 2186 is divided by 354?
62
Calculate the remainder when 25223 is divided by 3151.
15
What is the remainder when 36716 is divided by 159?
146
What is the remainder when 46944 is divided by 205?
204
What is the remainder when 910419 is divided by 317?
312
What is the remainder when 33386 is divided by 116?
94
What is the remainder when 4785 is divided by 13?
1
Calculate the remainder when 352619 is divided by 108.
107
What is the remainder when 30845 is divided by 6168?
5
Calculate the remainder when 4435 is divided by 826.
305
What is the remainder when 458916 is divided by 10?
6
Calculate the remainder when 2329 is divided by 853.
623
Calculate the remainder when 535095 is divided by 19.
17
Calculate the remainder when 1879 is divided by 1838.
41
Calculate the remainder when 20086 is divided by 47.
17
What is the remainder when 22263 is divided by 379?
281
What is the remainder when 98997 is divided by 12?
9
Calculate the remainder when 21639 is divided by 210.
9
What is the remainder when 1685517 is divided by 15?
12
Calculate the remainder when 815243 is divided by 41.
40
What is the remainder when 130905 is divided by 109?
105
What is the remainder when 1491 is divided by 4?
3
Calculate the remainder when 1388 is divided by 356.
320
Calculate the remainder when 47870 is divided by 127.
118
Calculate the remainder when 5138 is divided by 323.
293
Calculate the remainder when 1276 is divided by 33.
22
Calculate the remainder when 7274 is divided by 40.
34
What is the remainder when 405754 is divided by 54?
52
Calculate the remainder when 12292 is divided by 4085.
37
What is the remainder when 510473 is divided by 6302?
11
Calculate the remainder when 4132 is divided by 8.
4
What is the remainder when 162608 is divided by 470?
458
Calculate the remainder when 64238 is divided by 17.
12
What is the remainder when 22727 is divided by 1622?
19
What is the remainder when 1299912 is divided by 19?
8
Calculate the remainder when 42946 is divided by 121.
112
What is the remainder when 65420 is divided by 141?
137
Calculate the remainder when 4099 is divided by 27.
22
What is the remainder when 39775 is divided by 329?
295
Calculate the remainder when 35354 is divided by 75.
29
Calculate the remainder when 20255 is divided by 782.
705
Calculate the remainder when 15103 is div